Let h = 9 + -3. Let q = h + -4. Suppose -2*w + 22 = l, -q*l - 2*l + 3*w = -99. What is the highest common factor of l and 3?
3
Let z = 3 - 3. Suppose 0 = -2*q - z + 8. What is the highest common divisor of q and 44?
4
Suppose 2*b + 190 = 7*b. Let z = -9 + 28. Calculate the highest common divisor of b and z.
19
Suppose -20 = -53*d + 48*d. Calculate the greatest common divisor of 20 and d.
4
Let m(j) be the third derivative of -49*j**4/24 - j**3/6 - 3*j**2. Let r be m(-1). What is the highest common factor of r and 16?
16
Let m be 1 - ((-568)/36 + (-6)/27). What is the highest common factor of m and 68?
17
Let k(p) = 5*p**2 + 7*p + 3. Let l be k(-2). What is the greatest common divisor of 3 and l?
3
Let v = 44 - 39. What is the greatest common divisor of 15 and v?
5
Let x be 736/10 - 4/(-10). Let y be (x/6)/((-2)/(-6)). Let a = y - 16. What is the greatest common factor of a and 7?
7
Suppose -12*b + 58 = -110. Suppose 5*s + 0*s - 140 = 0. What is the greatest common divisor of s and b?
14
Let p(n) be the second derivative of 1/12*n**4 + 4*n**2 + 0 + 4*n - 1/6*n**3. Let m be p(7). Calculate the highest common divisor of 10 and m.
10
Suppose 4*q + 2*o - 20 = -0, 0 = 5*q + o - 28. Calculate the greatest common divisor of q and 30.
6
Let p = 3 - -3. Calculate the greatest common factor of p and 24.
6
Let k = 46 - 94. Let w be (k/(-9))/(2/3). Calculate the greatest common divisor of w and 8.
8
Let n be 1 + (76 - (1 - 1)). Suppose 0 = -5*b - 0*b - c - 100, -4*c - 60 = 3*b. Let t = b + 31. What is the highest common factor of t and n?
11
Suppose -q = 2*q - 51. What is the highest common divisor of q and 85?
17
Suppose 2*s = 3*a - 110, -s - 26 = -4*a + 114. What is the highest common factor of 102 and a?
34
Suppose 4*b - 15 = -3*c, 0 = -b + 1 + 2. Suppose -5*m = -m - 4. Calculate the highest common factor of c and m.
1
Let f(l) be the third derivative of l**5/60 + l**4/24 + 4*l**3/3 - l**2. Let m be f(0). Calculate the highest common divisor of 24 and m.
8
Let s = 60 + -24. Calculate the highest common divisor of 4 and s.
4
Let x = -11 - -21. Let f = 25 - x. What is the greatest common factor of 6 and f?
3
Let c(p) = -p**3 + 3*p**2 + 4*p + 3. Let h be c(4). Suppose 3*y = 4*o + 34, 0 = -h*y + o + 35 - 4. Let g = y - 5. What is the highest common divisor of g and 5?
5
Suppose 38*y - 43*y + 275 = 0. Calculate the highest common divisor of y and 11.
11
Let s be (-140)/(-8)*144/21. Calculate the highest common factor of s and 24.
24
Let d(s) = s**3 + 4*s**2 + 4. Suppose 3*b = 0, 3 = -v - b + 5. Suppose v*i = -0*i - 8. Let a be d(i). What is the greatest common divisor of a and 1?
1
Suppose -2*q = -4*u - 9 - 27, -2*u + 14 = 3*q. Suppose q*d - 252 = 4*d. What is the highest common factor of 9 and d?
9
Suppose 0 = p - 5*p + 48. What is the greatest common factor of p and 3?
3
Suppose 31 = s + 4*x, s + 5 = -x + 24. Calculate the highest common divisor of 15 and s.
15
Let t(d) = d**3 - 2*d**2 - 2*d + 9. Let o be t(4). What is the greatest common divisor of o and 3?
3
Suppose -4*x = -0*x - 4*h - 24, 0 = 2*x + h - 21. What is the highest common divisor of x and 27?
9
Suppose 0 = 3*p - 5*p. Let n(q) = q**3 + q + 1. Let a be n(p). Let m be (27/(-6))/9*-14*1. Calculate the greatest common factor of a and m.
1
Let s be 0/(3*1/3). Suppose s = 4*g + g - 300. Calculate the highest common factor of g and 24.
12
Suppose 3*m = m. Let a be m - ((1 - 17) + -1). Calculate the greatest common factor of 136 and a.
17
Let w = 33 - 17. Calculate the greatest common factor of 112 and w.
16
Let w = -1 - -4. Suppose g = w*g - 42. What is the highest common divisor of 63 and g?
21
Suppose -220 = -4*n - 4*f, -3*n - 3*f + 163 = 2*f. Suppose 4 = 5*k - 36. What is the greatest common factor of n and k?
8
Let i(v) = -v**3 + 25*v**2 + 27*v - 10. Let c be i(26). What is the greatest common divisor of c and 20?
4
Let t(r) = 3*r + 3. Let g be t(-5). Let u be 1/4 + (-201)/g. What is the highest common factor of u and 68?
17
Suppose -h - 5*f = -44, -h - 4*f - 44 = -2*h. Suppose -3*l - 139 + 46 = 0. Let v = h + l. What is the highest common divisor of v and 13?
13
Suppose 13*j - 215 = -30*j. Suppose 0 = -8*f + 3*f + 10. Calculate the highest common divisor of f and j.
1
Let g = -2 - 6. Let f = -15 - g. Let a = f - -12. What is the greatest common divisor of a and 20?
5
Let l = 6 + -4. Suppose -2*n - l*u + 18 = -5*u, 4*u = -n - 2. Let d be (-6)/(n/(2 + -5)). What is the highest common divisor of d and 3?
3
Suppose 0 = -4*w, -3*w + 9 - 41 = -4*t. What is the highest common factor of 8 and t?
8
Let f(u) = -u**3 - 4*u**2 - 3. Let o be f(-3). Let r = -2 - o. Let g = r - 3. What is the highest common divisor of g and 7?
7
Let r be (4/(-6))/((-12)/252). Calculate the greatest common factor of 98 and r.
14
Let z(m) = 2 - m - m - 22. Let p be z(-14). Calculate the greatest common factor of 20 and p.
4
Let k(h) be the third derivative of 97*h**4/24 - h**3/2 + 2*h**2. Let o be k(3). Let t = o - 200. Calculate the greatest common divisor of 8 and t.
8
Let x be (2 + 0 + 2)/2. Suppose -2*f = 4*j + 16, f = -0*f + 3*j + 17. Let q be 73/4 + f/(-8). What is the greatest common divisor of q and x?
2
Suppose -12 = 3*n - 3*w, 5*w - 13 = 2*n + 2*w. Let f be 6 + (-4)/(n + 1). Suppose -2*a + f*a - 76 = 0. What is the greatest common divisor of a and 95?
19
Let j(q) = -q**2 - 5*q. Let k be j(-4). Let g(n) = n**2 - n - 4. Let z be g(k). What is the greatest common divisor of 12 and z?
4
Let t = -11 + 19. Let c(b) = 7*b**2 - 4*b - 3. Let d be c(-3). Calculate the greatest common divisor of d and t.
8
Let p(h) be the second derivative of -h**4/12 + 8*h**3/3 + h**2/2 - h. Let j be p(11). Calculate the highest common divisor of j and 14.
14
Let o be ((-7)/(-2) - 2)*12. Suppose 2*n - 4*n = -o. What is the highest common divisor of 63 and n?
9
Let m(l) = l**3 + 3*l - 1. Let u be (-4)/18 - (-29)/9. Let c be m(u). Calculate the highest common divisor of c and 5.
5
Suppose k = 0, -3*k = -s + 5*s - 180. Let c be ((-32)/(-7) - 2)*7. Calculate the greatest common divisor of c and s.
9
Suppose 2*a = 5*n + 3*a - 2053, a = -n + 413. Let u = n + -266. What is the highest common divisor of 16 and u?
16
Suppose 0 = 7*l - 4*l - 15. What is the highest common factor of l and 55?
5
Let w be 1 + -5 - -2 - -10. Let n(r) = r**3 + 7*r**2 + 6*r - 7. Let j be n(-5). Suppose -x - 1 = -j. What is the highest common factor of w and x?
4
Let m = -50 + 330. What is the greatest common factor of 112 and m?
56
Suppose 16 = 5*m - 4*m. What is the greatest common factor of 24 and m?
8
Suppose 0 = f - 7 + 3. Suppose -5*n + 20 = -f*n. Calculate the highest common factor of n and 4.
4
Let d(f) = 10*f**3 + 2*f**2 - 2*f + 1. Suppose 1 = q - 0. Let z be d(q). Suppose -20 - 24 = -2*a. Calculate the greatest common divisor of a and z.
11
Let z be (132/(-11))/(1/(-1)). Let c(d) = 6*d - 18. Let n be c(13). What is the highest common divisor of n and z?
12
Suppose 0 = -0*v + 2*v - 6. Let c be 12 - (1 - (v + -3)). What is the greatest common factor of 11 and c?
11
Let z be 390/20 - 3/2. Calculate the highest common factor of 198 and z.
18
Let c be -2 + (-1 + 7 - -1). Suppose 6 = -2*f + 6*f + k, -2*f - c*k - 6 = 0. Let y = f + 16. What is the highest common divisor of 45 and y?
9
Suppose -4*j + 64 = -96. Suppose 2*v + j = 3*v. Calculate the highest common factor of 5 and v.
5
Let x be (10/(-4))/(3/(-18)). Suppose h = -2*h + x. Suppose 0 = -2*u - h*w + 2, -4*w + 13 = 3*u + w. Calculate the greatest common factor of u and 11.
11
Let b(d) = -d**2 + 5*d - 3. Let w be b(5). Let o(k) = k**3 + 4*k**2 + k - 4. Let g be o(w). What is the greatest common factor of g and 16?
2
Let z = 8 + -6. Suppose -x - 41 = -4*u, -z*x - 4 = 6. Calculate the greatest common divisor of u and 36.
9
Let h = -5 + 65. Calculate the greatest common divisor of 24 and h.
12
Let m be (0 - -2)*(-2)/(-4). Let h be ((-3)/6)/((-2)/44). What is the highest common factor of m and h?
1
Let h be (-73)/5 + (-4)/10. Let z be 6/h + 64/10. Suppose 0 = -14*v - 5*v + 285. What is the highest common factor of z and v?
3
Let d(s) = s**2 - 5*s + 9. Let v be d(5). Calculate the highest common factor of 6 and v.
3
Let b be (-4)/18 + (-256)/(-18). Let y = -5 - -40. What is the greatest common factor of y and b?
7
Suppos